{"id":418,"date":"2023-10-29T06:34:36","date_gmt":"2023-10-29T06:34:36","guid":{"rendered":"https:\/\/www.stolli.co.at\/gasthof\/?page_id=418"},"modified":"2024-04-19T10:55:56","modified_gmt":"2024-04-19T10:55:56","slug":"elementor-418","status":"publish","type":"page","link":"https:\/\/www.stolli.co.at\/gasthof\/elementor-418\/","title":{"rendered":"Impressum"},"content":{"rendered":"\t\t<div data-elementor-type=\"wp-page\" data-elementor-id=\"418\" class=\"elementor elementor-418\" data-elementor-post-type=\"page\">\n\t\t\t\t\t\t<section class=\"elementor-section elementor-top-section elementor-element elementor-element-1cb5577 elementor-section-boxed elementor-section-height-default elementor-section-height-default\" data-id=\"1cb5577\" data-element_type=\"section\" data-e-type=\"section\">\n\t\t\t\t\t\t<div class=\"elementor-container elementor-column-gap-default\">\n\t\t\t\t\t<div class=\"elementor-column elementor-col-100 elementor-top-column elementor-element elementor-element-8871724\" data-id=\"8871724\" data-element_type=\"column\" data-e-type=\"column\">\n\t\t\t<div class=\"elementor-widget-wrap elementor-element-populated\">\n\t\t\t\t\t\t<div class=\"elementor-element elementor-element-339dfe0 elementor-widget elementor-widget-text-editor\" data-id=\"339dfe0\" data-element_type=\"widget\" data-e-type=\"widget\" data-widget_type=\"text-editor.default\">\n\t\t\t\t<div class=\"elementor-widget-container\">\n\t\t\t\t\t\t\t\t\t<h5><strong>IMPRESSUM<\/strong><\/h5><p><strong><em>Seitenbetreiber und f\u00fcr den Inhalt verantwortlich:<br \/><\/em><\/strong>Gasthof Stolli<\/p><p>Remserdorfstra\u00dfe 13<br \/>4300 St.Valentin \u2013 \u00d6sterreich<br \/>Telefon: +43 7435\/53103<br \/>E-Mail: info@stolli.co.at<\/p><p>Beh\u00f6rde: Bezirkshauptmannschaft Amstetten, UID: ATU-xxxx ; Firmenbuchnummer: FN xxxxxx h<\/p><p><strong><br \/>Mitglied der Wirtschaftskammer Nieder\u00f6sterreich<\/strong><br \/><a href=\"http:\/\/firmen.wko.at\/Web\/DetailsKontakt.aspx?FirmaID=691a3d5e-b422-4a83-9592-e85c34a08492&amp;StandortID=0&amp;Suchbegriff=Hotel+Wallner&amp;Page=1\" target=\"_blank\" rel=\"noopener noreferrer\">Informationspflicht lt. \u00a7 5 Abs. 1 E-Commerce-Gesetz<\/a><\/p><p><a href=\"https:\/\/www.hotelwallner.at\/wp2017\/wp-content\/uploads\/2015\/05\/Agb_Hotellerie.pdf\" target=\"_blank\" rel=\"noopener noreferrer\">Allgemeine Auftragsbedingungen (pdf)<\/a><\/p><p><strong><br \/>Bildnachweis<\/strong><br \/>Gasthof Stolli<\/p><p>@Stollnberger Chiara<\/p><p>@Stollnberger Jana<\/p><p>@Hofer Peter<\/p><p>Zur Datenschutzerkl\u00e4rung<\/p><p>HAFTUNGSAUSSCHLUSS<\/p><p>\u00a0<\/p><p><strong>Inhalte<\/strong><\/p><p>Der Autor \u00fcbernimmt keinerlei Gew\u00e4hr f\u00fcr die Aktualit\u00e4t, Korrektheit, Vollst\u00e4ndigkeit oder Qualit\u00e4t der bereitgestellten Informationen. Haftungsanspr\u00fcche gegen den Autor, welche sich auf Sch\u00e4den materieller oder ideeller Art beziehen, die durch die Nutzung oder Nichtnutzung der dargebotenen Informationen bzw. durch die Nutzung fehlerhafter und unvollst\u00e4ndiger Informationen verursacht wurden, sind grunds\u00e4tzlich ausgeschlossen, sofern seitens des Autors kein nachweislich vors\u00e4tzliches oder grob fahrl\u00e4ssiges Verschulden vorliegt. Alle Angebote sind freibleibend und unverbindlich. Der Autor beh\u00e4lt es sich ausdr\u00fccklich vor, Teile der Seiten oder das gesamte Angebot ohne gesonderte Ank\u00fcndigung zu ver\u00e4ndern, zu erg\u00e4nzen, zu l\u00f6schen oder die Ver\u00f6ffentlichung zeitweise oder endg\u00fcltig einzustellen.<\/p><p>\u00a0<\/p><p><strong>Urheber- und Nutzungsrechte<\/strong><\/p><p>S\u00e4mtliche Inhalte wie Texte, Bilder, Grafiken, Animationen, Videos, Sound oder sonstige Materialien dieser Website sind, sofern nicht anders angegeben, Eigentum des Seitenbetreibers oder dessen Partner bzw. hat der Seitenbetreiber das Nutzungsrecht daf\u00fcr. S\u00e4mtliche auf dieser Domain gehosteten Materialien d\u00fcrfen nicht ohne ausdr\u00fcckliche Zustimmung anderweitig verwendet werden.<\/p><p>\u00a0<\/p><p><strong>Genderhinweis<\/strong><\/p><p>Aus Gr\u00fcnden der einfacheren Lesbarkeit wird auf die geschlechtsspezifische Differenzierung verzichtet. Entsprechende Begriffe gelten im Sinne der Gleichbehandlung grunds\u00e4tzlich f\u00fcr beide Geschlechter.<\/p><p>\u00a0<\/p><p><strong>Barrierefreiheit<\/strong><\/p><p>Wir versuchen unser bestes, diese Website hinsichtlich der Barrierefreiheit zu optimieren. Wenn Sie trotz unseres Bem\u00fchens auf Schwierigkeiten sto\u00dfen oder Anregungen zur Verbesserung haben, freuen wir uns \u00fcber Ihr Feedback unter den oben angegebenen Kontaktdaten.<\/p>\t\t\t\t\t\t\t\t<\/div>\n\t\t\t\t<\/div>\n\t\t\t\t\t<\/div>\n\t\t<\/div>\n\t\t\t\t\t<\/div>\n\t\t<\/section>\n\t\t\t\t<section class=\"elementor-section elementor-top-section elementor-element elementor-element-17be4f0 elementor-section-boxed elementor-section-height-default elementor-section-height-default\" data-id=\"17be4f0\" data-element_type=\"section\" data-e-type=\"section\">\n\t\t\t\t\t\t<div class=\"elementor-container elementor-column-gap-default\">\n\t\t\t\t\t<div class=\"elementor-column elementor-col-100 elementor-top-column elementor-element elementor-element-dd00b0d\" data-id=\"dd00b0d\" data-element_type=\"column\" data-e-type=\"column\">\n\t\t\t<div class=\"elementor-widget-wrap elementor-element-populated\">\n\t\t\t\t\t\t<section class=\"elementor-section elementor-inner-section elementor-element elementor-element-47d1e9a elementor-section-boxed elementor-section-height-default elementor-section-height-default\" data-id=\"47d1e9a\" data-element_type=\"section\" data-e-type=\"section\">\n\t\t\t\t\t\t<div class=\"elementor-container elementor-column-gap-default\">\n\t\t\t\t\t<div class=\"elementor-column elementor-col-50 elementor-inner-column elementor-element elementor-element-74d54f1\" data-id=\"74d54f1\" data-element_type=\"column\" data-e-type=\"column\">\n\t\t\t<div class=\"elementor-widget-wrap\">\n\t\t\t\t\t\t\t<\/div>\n\t\t<\/div>\n\t\t\t\t<div class=\"elementor-column elementor-col-50 elementor-inner-column elementor-element elementor-element-847bdbe\" data-id=\"847bdbe\" data-element_type=\"column\" data-e-type=\"column\">\n\t\t\t<div class=\"elementor-widget-wrap\">\n\t\t\t\t\t\t\t<\/div>\n\t\t<\/div>\n\t\t\t\t\t<\/div>\n\t\t<\/section>\n\t\t\t\t\t<\/div>\n\t\t<\/div>\n\t\t\t\t\t<\/div>\n\t\t<\/section>\n\t\t\t\t<\/div>\n\t\t","protected":false},"excerpt":{"rendered":"<p>IMPRESSUM Seitenbetreiber und f\u00fcr den Inhalt verantwortlich:Gasthof Stolli Remserdorfstra\u00dfe 134300 St.Valentin \u2013 \u00d6sterreichTelefon: +43 7435\/53103E-Mail: info@stolli.co.at Beh\u00f6rde: Bezirkshauptmannschaft Amstetten, UID: ATU-xxxx ; Firmenbuchnummer: FN xxxxxx h Mitglied der Wirtschaftskammer Nieder\u00f6sterreichInformationspflicht lt. \u00a7 5 Abs. 1 E-Commerce-Gesetz Allgemeine Auftragsbedingungen (pdf) BildnachweisGasthof Stolli @Stollnberger Chiara @Stollnberger Jana @Hofer Peter Zur Datenschutzerkl\u00e4rung HAFTUNGSAUSSCHLUSS \u00a0 Inhalte Der Autor \u00fcbernimmt&#8230; <\/p>\n","protected":false},"author":1,"featured_media":0,"parent":0,"menu_order":0,"comment_status":"closed","ping_status":"closed","template":"elementor_header_footer","meta":{"_crdt_document":"","footnotes":""},"class_list":["post-418","page","type-page","status-publish","hentry"],"_links":{"self":[{"href":"https:\/\/www.stolli.co.at\/gasthof\/wp-json\/wp\/v2\/pages\/418","targetHints":{"allow":["GET"]}}],"collection":[{"href":"https:\/\/www.stolli.co.at\/gasthof\/wp-json\/wp\/v2\/pages"}],"about":[{"href":"https:\/\/www.stolli.co.at\/gasthof\/wp-json\/wp\/v2\/types\/page"}],"author":[{"embeddable":true,"href":"https:\/\/www.stolli.co.at\/gasthof\/wp-json\/wp\/v2\/users\/1"}],"replies":[{"embeddable":true,"href":"https:\/\/www.stolli.co.at\/gasthof\/wp-json\/wp\/v2\/comments?post=418"}],"version-history":[{"count":14,"href":"https:\/\/www.stolli.co.at\/gasthof\/wp-json\/wp\/v2\/pages\/418\/revisions"}],"predecessor-version":[{"id":910,"href":"https:\/\/www.stolli.co.at\/gasthof\/wp-json\/wp\/v2\/pages\/418\/revisions\/910"}],"wp:attachment":[{"href":"https:\/\/www.stolli.co.at\/gasthof\/wp-json\/wp\/v2\/media?parent=418"}],"curies":[{"name":"wp","href":"https:\/\/api.w.org\/{rel}","templated":true}]}}

<div data-elementor-type="wp-page" data-elementor-id="418" class="elementor elementor-418" data-elementor-post-type="page">
						<section class="elementor-section elementor-top-section elementor-element elementor-element-1cb5577 elementor-section-boxed elementor-section-height-default elementor-section-height-default" data-id="1cb5577" data-element_type="section" data-e-type="section">
						<div class="elementor-container elementor-column-gap-default">
					<div class="elementor-column elementor-col-100 elementor-top-column elementor-element elementor-element-8871724" data-id="8871724" data-element_type="column" data-e-type="column">
			<div class="elementor-widget-wrap elementor-element-populated">
						<div class="elementor-element elementor-element-339dfe0 elementor-widget elementor-widget-text-editor" data-id="339dfe0" data-element_type="widget" data-e-type="widget" data-widget_type="text-editor.default">
				<div class="elementor-widget-container">
									<h5><strong>IMPRESSUM</strong></h5><p><strong><em>Seitenbetreiber und für den Inhalt verantwortlich:<br /></em></strong>Gasthof Stolli</p><p>Remserdorfstraße 13<br />4300 St.Valentin – Österreich<br />Telefon: +43 7435/53103<br />E-Mail: info@stolli.co.at</p><p>Behörde: Bezirkshauptmannschaft Amstetten, UID: ATU-xxxx ; Firmenbuchnummer: FN xxxxxx h</p><p><strong><br />Mitglied der Wirtschaftskammer Niederösterreich</strong><br /><a href="http://firmen.wko.at/Web/DetailsKontakt.aspx?FirmaID=691a3d5e-b422-4a83-9592-e85c34a08492&amp;StandortID=0&amp;Suchbegriff=Hotel+Wallner&amp;Page=1" target="_blank" rel="noopener noreferrer">Informationspflicht lt. § 5 Abs. 1 E-Commerce-Gesetz</a></p><p><a href="https://www.hotelwallner.at/wp2017/wp-content/uploads/2015/05/Agb_Hotellerie.pdf" target="_blank" rel="noopener noreferrer">Allgemeine Auftragsbedingungen (pdf)</a></p><p><strong><br />Bildnachweis</strong><br />Gasthof Stolli</p><p>@Stollnberger Chiara</p><p>@Stollnberger Jana</p><p>@Hofer Peter</p><p>Zur Datenschutzerklärung</p><p>HAFTUNGSAUSSCHLUSS</p><p> </p><p><strong>Inhalte</strong></p><p>Der Autor übernimmt keinerlei Gewähr für die Aktualität, Korrektheit, Vollständigkeit oder Qualität der bereitgestellten Informationen. Haftungsansprüche gegen den Autor, welche sich auf Schäden materieller oder ideeller Art beziehen, die durch die Nutzung oder Nichtnutzung der dargebotenen Informationen bzw. durch die Nutzung fehlerhafter und unvollständiger Informationen verursacht wurden, sind grundsätzlich ausgeschlossen, sofern seitens des Autors kein nachweislich vorsätzliches oder grob fahrlässiges Verschulden vorliegt. Alle Angebote sind freibleibend und unverbindlich. Der Autor behält es sich ausdrücklich vor, Teile der Seiten oder das gesamte Angebot ohne gesonderte Ankündigung zu verändern, zu ergänzen, zu löschen oder die Veröffentlichung zeitweise oder endgültig einzustellen.</p><p> </p><p><strong>Urheber- und Nutzungsrechte</strong></p><p>Sämtliche Inhalte wie Texte, Bilder, Grafiken, Animationen, Videos, Sound oder sonstige Materialien dieser Website sind, sofern nicht anders angegeben, Eigentum des Seitenbetreibers oder dessen Partner bzw. hat der Seitenbetreiber das Nutzungsrecht dafür. Sämtliche auf dieser Domain gehosteten Materialien dürfen nicht ohne ausdrückliche Zustimmung anderweitig verwendet werden.</p><p> </p><p><strong>Genderhinweis</strong></p><p>Aus Gründen der einfacheren Lesbarkeit wird auf die geschlechtsspezifische Differenzierung verzichtet. Entsprechende Begriffe gelten im Sinne der Gleichbehandlung grundsätzlich für beide Geschlechter.</p><p> </p><p><strong>Barrierefreiheit</strong></p><p>Wir versuchen unser bestes, diese Website hinsichtlich der Barrierefreiheit zu optimieren. Wenn Sie trotz unseres Bemühens auf Schwierigkeiten stoßen oder Anregungen zur Verbesserung haben, freuen wir uns über Ihr Feedback unter den oben angegebenen Kontaktdaten.</p>								</div>
				</div>
					</div>
		</div>
					</div>
		</section>
				<section class="elementor-section elementor-top-section elementor-element elementor-element-17be4f0 elementor-section-boxed elementor-section-height-default elementor-section-height-default" data-id="17be4f0" data-element_type="section" data-e-type="section">
						<div class="elementor-container elementor-column-gap-default">
					<div class="elementor-column elementor-col-100 elementor-top-column elementor-element elementor-element-dd00b0d" data-id="dd00b0d" data-element_type="column" data-e-type="column">
			<div class="elementor-widget-wrap elementor-element-populated">
						<section class="elementor-section elementor-inner-section elementor-element elementor-element-47d1e9a elementor-section-boxed elementor-section-height-default elementor-section-height-default" data-id="47d1e9a" data-element_type="section" data-e-type="section">
						<div class="elementor-container elementor-column-gap-default">
					<div class="elementor-column elementor-col-50 elementor-inner-column elementor-element elementor-element-74d54f1" data-id="74d54f1" data-element_type="column" data-e-type="column">
			<div class="elementor-widget-wrap">
							</div>
		</div>
				<div class="elementor-column elementor-col-50 elementor-inner-column elementor-element elementor-element-847bdbe" data-id="847bdbe" data-element_type="column" data-e-type="column">
			<div class="elementor-widget-wrap">
							</div>
		</div>
					</div>
		</section>
					</div>
		</div>
					</div>
		</section>
				</div>

<p>IMPRESSUM Seitenbetreiber und für den Inhalt verantwortlich:Gasthof Stolli Remserdorfstraße 134300 St.Valentin – ÖsterreichTelefon: +43 7435/53103E-Mail: info@stolli.co.at Behörde: Bezirkshauptmannschaft Amstetten, UID: ATU-xxxx ; Firmenbuchnummer: FN xxxxxx h Mitglied der Wirtschaftskammer NiederösterreichInformationspflicht lt. § 5 Abs. 1 E-Commerce-Gesetz Allgemeine Auftragsbedingungen (pdf) BildnachweisGasthof Stolli @Stollnberger Chiara @Stollnberger Jana @Hofer Peter Zur Datenschutzerklärung HAFTUNGSAUSSCHLUSS   Inhalte Der Autor übernimmt&#8230; </p>
